
Let t(k) = -k**3 + 6*k**2 - k + 1. Suppose -2*q + 8 = -4*p - 4, -5*p = 3*q - 18. Let m be t(q). Let h(f) = -f - 8. Determine h(m).
-3
Let m(b) = -17*b**2 + 2*b + 9. Let q(i) = 8*i**2 - i - 4. Let n(r) = 4*m(r) + 9*q(r). Determine n(1).
3
Let b(s) = 6*s + 0 + 4 - 3*s. Let g = -37 - -56. Suppose 4*x = x + 2*f - 5, -5*x - 2*f - g = 0. What is b(x)?
-5
Let f(z) = -z**2 - z - 1. Let l(n) = 5*n**2 - n + 3. Let u(x) = -6*f(x) - l(x). Give u(-5).
-7
Let w be 43/3 - (-10)/15. Suppose w - 3 = 2*a. Let p(l) = -l**2 + 2*l**2 + l - a - 3*l**2 + l**2. Determine p(0).
-6
Let y(q) = -12*q + 6. Let m(g) = -4*g + 2. Let p(b) = 10*m(b) - 3*y(b). Determine p(-2).
10
Let z = 13 - 23. Let x = z - -7. Let f(r) be the first derivative of -3*r**2/2 + r + 7. What is f(x)?
10
Let l(n) be the third derivative of -n**4/8 - n**3/6 + 3*n**2. Let s(u) = -2*u - 1. Let g(k) = -3*l(k) + 4*s(k). Calculate g(4).
3
Let s(x) = -2*x**2 - 8*x + x**2 + 3 - 3 - 4. What is s(-7)?
3
Let i(p) be the second derivative of -1/6*p**3 - p + 0 + 1/2*p**2. Let g be i(5). Let k(w) = w**2 + 2*w - 2. Give k(g).
6
Let x = -6 - -9. Let i(w) = w**3 - 4 + w**2 + 0*w**3 + 3 - 5*w**x. Let g be -1 + 1 + -3 + 2. Give i(g).
4
Let w(t) = t**2 + t + 1. Let n be 1/4 + 51/4. Let u = 11 - n. Give w(u).
3
Let o(a) be the second derivative of -a**3/2 - a**2 + a. Let u be (-4)/(3*(-2)/3). Suppose 0 = -u*j - 4*y - 14, 6 = -3*y - 0. Determine o(j).
7
Let a(x) = -x**3 - 11*x**2 + 12*x - 3. Let i be a(-12). Let p be (-14)/i + 1/3. Suppose 5*y - p*h = -7 - 18, 0 = -4*h. Let z(g) = -g - 6. Give z(y).
-1
Let w(x) be the first derivative of -x**3/3 - 2*x**2 - x - 27. Determine w(-3).
2
Let d be 10/4*(-16)/(-8). Let m(y) = y. Let a(f) = -4*f - 11. Let v(q) = a(q) + 5*m(q). Give v(d).
-6
Let n be (-2)/7 - (-10)/35. Let p(v) = v**3 - 5*v**3 + v**2 + 3*v**3. Determine p(n).
0
Let b(m) = 2*m**2 - m - 1. Let h(p) = -p**3 - 9*p**2 + 11*p + 12. Suppose 3*t + 6 = -24. Let n be h(t). Give b(n).
5
Let p(o) = -o**2 + 3*o + 4. Let q(m) = 0*m + 6*m**2 + 4*m + 1 - 6*m. Let f be q(1). Give p(f).
-6
Let o be 0 + -2 + 3 + 1. Suppose -o*i + 13 = i - p, 0 = 3*i - 2*p - 11. Suppose -i*g = 4*b + 30, -3*b + 0*g = -2*g + 11. Let t(y) = -3*y - 7. Calculate t(b).
8
Let h(d) = 1. Let f(r) = 2*r + 5. Let q(z) = -f(z) + 6*h(z). Suppose 5*c + 7 = -i + 3*i, 11 = -c - 2*i. Let a = c - 0. Calculate q(a).
7
Let a(l) = -l**3 + 3*l**2 + 1. Let p(v) be the second derivative of -v**3/6 + v**2 - 3*v. Let t be p(0). Calculate a(t).
5
Let u(f) be the first derivative of -f**2/2 - 19. Give u(-1).
1
Let w = 0 + 3. Let n = 6 - w. Suppose -n*q - 19 = -4*u, 3*q + 5 = 5*u - 15. Let f(d) = -d**3 - 6*d**2 - 6*d - 2. Calculate f(q).
3
Let g(q) = 39 - 2*q - 34 + 4*q. Determine g(4).
13
Let f(t) = t**3 - 7*t**2 + 8*t - 4. Let n = 8 + -5. Let h(y) = y**2 - y. Let u(l) = n*h(l) + f(l). Give u(3).
2
Let l(d) = -5*d + 1 + 0*d - 4*d. Suppose 0 = -2*n + 11*n - 9. Give l(n).
-8
Let g(v) = 5*v + 1. Let r(l) = -l**3 - 7*l**2 - 5*l + 4. Let o be r(-6). Let x be (o + 1)/(2/(-4)). Suppose -2*j + x = -0. Calculate g(j).
6
Let v(o) = 4*o**2 - 4*o + 5*o - 3*o**2. Let u(d) = d**2 - 22*d + 103. Let g be u(7). What is v(g)?
2
Let g(v) be the third derivative of 1/20*v**5 + 0*v**4 + 1/120*v**6 - 3*v**2 + 0*v - 1/6*v**3 + 0. Give g(-3).
-1
Let o(c) be the third derivative of 1/24*c**4 + 0*c - 2*c**2 - 7/6*c**3 + 0. Determine o(6).
-1
Let k(d) be the first derivative of d**4/4 - 2*d**3/3 + d**2 + d + 10. Determine k(2).
5
Let x(u) = -u. Let k be 31/11 + 4/22. Suppose 0*i = k*i + 2*m - 23, -4*i + 4*m + 24 = 0. Let t = i + -5. Give x(t).
-2
Suppose 0 = 2*h - 2*z - 8, -2*z = 2*h - h + 2. Let c(r) = -r**2 + 3*r - 2. What is c(h)?
0
Let x(b) = 2*b**2 + 0*b**3 - 9 - b**3 + 4*b**2 + 2*b. Let o be 4 + 6/(-3)*-1. What is x(o)?
3
Let i(f) be the second derivative of -f**4/12 - 7*f**3/6 - 3*f**2/2 + 16*f. Let z = -12 - -6. Give i(z).
3
Let w be 14/3 - 6/9. Let v(h) be the second derivative of 0 - 1/6*h**3 - 1/2*h**2 + 1/20*h**5 - 3*h + 5/12*h**w. Determine v(-5).
4
Let x = 2 + 0. Let f(u) be the second derivative of -u**3/3 + 3*u**2/2 + 55*u. Determine f(x).
-1
Let a = -145 + 150. Let z(f) = f**3 - 5*f**2 - f + 4. Give z(a).
-1
Let s = 10 + -16. Let x = s - -22. Let c be 0 + (x/2)/(-2). Let j(f) = f**2 + 4*f + 1. What is j(c)?
1
Let v(s) be the third derivative of s**8/6720 + s**6/720 + s**5/30 - 5*s**4/24 - 5*s**2. Let y(k) be the second derivative of v(k). Give y(0).
4
Let j(m) be the second derivative of -m**3/6 + 3*m**2/2 + 6*m. Calculate j(0).
3
Suppose 5*x - 4*i - 79 = -0*i, 5 = -5*i. Let l = x - 10. Suppose u - 3*j = 11, 7*j + 35 = l*u + 2*j. Let o(z) = z**3 - 4*z**2 - 4*z + 2. Give o(u).
7
Let p(c) be the first derivative of -c**4/4 - 2*c**3 - c**2 - 5*c - 15. Give p(-6).
7
Let q(o) be the third derivative of -o**5/60 + o**4/12 + 5*o**3/6 - 2*o**2. Determine q(5).
-10
Let d(l) = l**2 + l + 1. Let z(m) = -6*m**2 - 5*m - 10. Let h(y) = 2*d(y) + z(y). Let x(s) = -s - 1. Let a(n) = -h(n) + 6*x(n). Determine a(2).
12
Let q(l) be the second derivative of -l**3/6 - 5*l**2/2 + l. Suppose 0 = 4*b - 6*b. Determine q(b).
-5
Let o(s) = s - 9*s**3 - 3*s**2 + 4*s**3 + 4*s**3 + 2. Determine o(2).
-16
Let c(o) = -o**3 - 7*o**2 - 5*o + 3. Suppose -z + 2*z - 5*v = 11, 4*v = z - 9. Let x = -5 - z. Give c(x).
-3
Let l be -2 + (-6)/(-1 + -2). Let f(d) = -d + 5*d**3 + d**2 + l*d - 4*d + 4*d - 1. Determine f(-1).
-4
Suppose 4*j = -1 - 3. Let q(t) be the third derivative of t**7/630 - t**6/720 + t**4/12 - 2*t**2. Let f(d) be the second derivative of q(d). What is f(j)?
5
Suppose 0 = -2*h - 3*h + 5. Let v(c) be the second derivative of 0*c**3 + c + 2/3*c**4 + 0 - 1/2*c**2. Determine v(h).
7
Let m(r) = -4*r**3 - 4*r**2 - 7*r - 2. Let x(s) = 9*s**3 + 8*s**2 + 15*s + 4. Let k(l) = -7*m(l) - 3*x(l). Determine k(-2).
2
Let z(s) = 4*s + 1. Let f(v) = 1. Let t(a) = 2*f(a) + z(a). Determine t(-4).
-13
Let y(a) = a - 2. Let l be y(7). Let r = 18 - 13. Let o(x) = -5*x + r*x**2 - 4*x**2 + 3 + 0*x**2. Give o(l).
3
Let i be 0 + -1 - (-1 + (2 - -1)). Let c(d) = -d**2 - 7*d. Calculate c(i).
12
Let i(w) be the third derivative of -w**9/30240 - w**8/6720 - w**7/5040 - w**6/720 - w**5/12 + 4*w**2. Let k(o) be the third derivative of i(o). What is k(-2)?
5
Let i(u) be the third derivative of u**6/120 + u**5/6 + u**4/3 - 7*u**3/6 + u**2. Let x be i(-9). Let z(d) = x*d + 2 - 1 + 2*d**3 - 2. What is z(1)?
3
Let a = 61 + -56. Let o(t) = t**2 - 5*t - 4. Determine o(a).
-4
Let v(j) be the third derivative of j**4/24 - 11*j**3/6 + 8*j**2. Determine v(6).
-5
Let v = -6 - -7. Let k(s) = s + v - s + 2*s + 2. Calculate k(3).
9
Let s = 1 + 2. Suppose -4*m - 4 = -5*m. Let y(r) = r**2 - 2*r**3 + 3*r**s + 1 - m*r + 5*r. Calculate y(0).
1
Let c = -5 - -2. Let s be ((-4)/2)/(2/c). Suppose s*g + 3 - 12 = 0. Let u(r) = r - 4. Determine u(g).
-1
Let x(j) = -j**3 - 4*j**2 + 2. Let h be ((-24)/(-10))/((-5)/(-25)). Let w = h + 21. Let z be 22/w + 8/(-3). Determine x(z).
-6
Let s(p) = 7*p + 14. Let q = 9 + -5. Let y(r) = -r - q - 3 - 2*r. Let w(n) = -2*s(n) - 5*y(n). Determine w(0).
7
Let u(v) = -v**3 - 6*v**2 - 5*v + 1. Let b(t) = 2*t - 3. Let c = 3 + -1. Let j be b(c). Suppose -5*r = 2*x + 15, 4*x - 3*x - 4*r + j = 0. Calculate u(x).
1
Suppose m + m - 4 = 0. Suppose w = 0, -m = -p - w - 3*w. Let q be (-2 + 2)/3 - p. Let r(t) = -t**3 - t**2 + t + 1. Calculate r(q).
3
Let v(g) = -4*g**3 + 3*g**2 - 6. Let z(m) = m**3 + m**2 + m + 1. Let u(n) = -v(n) - 5*z(n). What is u(-7)?
-13
Let q be (-3 + 2/2)*-1. Let t(u) = -4*u**2 + 3*u**2 + 4*u**2 - u - 1. Give t(q).
9
Let g(v) = v + 5*v - 5*v - 5*v**2 - v**2. Suppose -2*x + 5*b = 3*x + 5, -2*b = -3*x - 1. Let p = 2 - x. What is g(p)?
-5
Let h(g) = -214*g + 3 - g**2 + 216*g - 2. What is h(2)?
1
Suppose 2*d = 7*d - 25. Suppose 20 - d = -5*o. Let a(g) = g**2 + g. Let k(u) = 2*u**2 + 4*u + 2. Let l(r) = -3*a(r) + k(r). What is l(o)?
-10
Let x(c) = -1. Let o(l) = 7*l - 5. Let i(s) = o(s) - 4*x(s). Calculate i(-1).
-8
Suppose 15*n = 10*n + 25. Let j(c) be the third derivative of c**4/24 - c**3/2 - c**2. Give j(n).
2
Let y(d) be the third derivative of d**5/20 + d**4/12 + d**3/6 - 2*d**2. Let q(x) = -1 - x**2 + 5*x + 5*x - x. Let t be q(9). Calculate y(t).
2
Let p be ((-5)/10)/(2/(-28)). Suppose 0 = 2*z - v + 5, 4*z - 2*v = 